092921?
False
Is 247545 a multiple of 25?
False
Is 138736 a multiple of 26?
True
Does 6 divide 255719?
False
Is 11 a factor of 117293?
True
Is 243 a factor of 62805?
False
Is 8502804 a multiple of 38?
True
Is 60 a factor of 9060?
True
Is 21 a factor of 326877?
False
Is 26394232 a multiple of 93?
False
Is 2 a factor of 10259?
False
Is 46 a factor of 97428?
True
Is 158550 a multiple of 14?
True
Does 263 divide 12614574?
False
Is 19 a factor of 145683?
False
Does 52 divide 21216?
True
Is 181 a factor of 2250011?
True
Is 24 a factor of 6375?
False
Is 4717990 a multiple of 281?
True
Is 488592 a multiple of 81?
True
Is 5 a factor of 89974?
False
Is 22 a factor of 3077608?
False
Is 1058501 a multiple of 227?
True
Is 437 a factor of 4024199?
False
Is 2 a factor of 1558?
True
Is 8 a factor of 408624?
True
Is 3942494 a multiple of 19?
False
Does 272 divide 265430?
False
Is 1707588 a multiple of 326?
True
Is 50 a factor of 385161?
False
Is 101340 a multiple of 9?
True
Is 1754755 a multiple of 329?
False
Is 8979 a multiple of 2?
False
Is 112451 a multiple of 6?
False
Is 453253 a multiple of 20?
False
Does 249 divide 902625?
True
Does 222 divide 3260292?
True
Is 115955 even?
False
Is 715266 a multiple of 120?
False
Is 267651 a multiple of 9?
True
Is 52 a factor of 82630?
False
Is 11388 a multiple of 435?
False
Does 50 divide 555969?
False
Is 8 a factor of 58392?
True
Is 2 a factor of 996936?
True
Does 193 divide 784931?
True
Does 13 divide 354484?
True
Is 58 a factor of 1902168?
True
Is 1082012 a multiple of 12?
False
Is 198628 a multiple of 23?
True
Is 5042783 a multiple of 31?
False
Does 147 divide 2213526?
True
Is 53964 a multiple of 103?
False
Is 161805 a multiple of 129?
False
Does 3 divide 6013?
False
Is 15 a factor of 8139360?
True
Is 21 a factor of 362641?
False
Is 702886 a multiple of 629?
False
Does 12 divide 305664?
True
Is 2 a factor of 1323371?
False
Is 326 a factor of 7558636?
True
Is 6240141 a multiple of 165?
False
Does 43 divide 2804053?
False
Is 14 a factor of 319189?
False
Is 258 a factor of 76718?
False
Is 6 a factor of 864678?
True
Does 20 divide 620532?
False
Is 35400 a multiple of 75?
True
Is 93 a factor of 3524508?
False
Is 188863 a multiple of 40?
False
Is 313400 a multiple of 38?
False
Is 254120 a multiple of 10?
True
Is 68 a factor of 2022972?
False
Does 408 divide 1637712?
True
Is 8243 a multiple of 14?
False
Is 122 a factor of 21414538?
True
Is 100 a factor of 133181?
False
Is 524927 a multiple of 149?
True
Does 16 divide 327177?
False
Is 266 a factor of 19033452?
False
Does 1602 divide 6663660?
False
Is 26 a factor of 56288?
False
Is 18497 a multiple of 8?
False
Is 40 a factor of 1823600?
True
Is 2323094 a multiple of 25?
False
Is 1283069 a multiple of 6?
False
Does 2083 divide 4631244?
False
Does 13 divide 148317?
True
Does 21 divide 73744?
False
Does 21 divide 349300?
False
Is 21 a factor of 23972?
False
Is 305 a factor of 1161135?
True
Is 8 a factor of 176312?
True
Is 35120 a multiple of 5?
True
Is 46 a factor of 22483328?
True
Does 21 divide 1858269?
True
Is 54408 a multiple of 269?
False
Does 19 divide 9291152?
True
Is 342452 a multiple of 415?
False
Is 1942912 a multiple of 43?
True
Is 40 a factor of 66982?
False
Does 42 divide 31752?
True
Is 34 a factor of 805049?
False
Does 33 divide 1221830?
False
Is 1117798 a multiple of 1064?
False
Is 27 a factor of 143502?
False
Is 116 a factor of 44146?
False
Does 20 divide 3632233?
False
Is 1567841 a multiple of 11?
True
Is 59 a factor of 40389?
False
Is 443 a factor of 1351593?
True
Is 900233 even?
False
Is 22 a factor of 7555?
False
Is 19 a factor of 1726148?
False
Is 3 a factor of 1166525?
False
Is 27 a factor of 14830074?
True
Is 290 a factor of 192560?
True
Is 482 a factor of 676728?
True
Is 1368864 a multiple of 1176?
True
Is 1383 a factor of 24090477?
True
Is 70650 a multiple of 50?
True
Is 44 a factor of 221936?
True
Is 306 a factor of 233478?
True
Does 76 divide 1680399?
False
Is 2213865 a multiple of 742?
False
Is 687234 a multiple of 60?
False
Is 715155 a multiple of 21?
True
Is 7 a factor of 2452646?
True
Is 2585086 a multiple of 65?
False
Does 168 divide 1147146?
False
Is 278 a factor of 3363797?
False
Is 252 a factor of 1689065?
False
Does 14 divide 65660?
True
Is 1212124 a multiple of 38?
True
Does 263 divide 114104?
False
Does 7 divide 390798?
False
Does 2 divide 18123?
False
Does 24 divide 25388?
False
Does 108 divide 10484790?
False
Is 120386 a multiple of 408?
False
Is 162582 a multiple of 198?
False
Is 16 a factor of 104984?
False
Is 200109 a multiple of 91?
True
Does 4 divide 248626?
False
Is 182858 a multiple of 2?
True
Is 9 a factor of 162221?
False
Is 217 a factor of 2814228?
False
Is 10 a factor of 2878770?
True
Is 823296 a multiple of 128?
True
Is 7478873 a multiple of 1525?
False
Is 87 a factor of 289117?
False
Is 1828008 a multiple of 182?
True
Is 169624 a multiple of 104?
True
Is 6730704 a multiple of 34?
False
Is 9311500 a multiple of 41?
False
Is 146 a factor of 8863888?
False
Does 304 divide 6361096?
False
Is 359538 a multiple of 84?
False
Is 424 a factor of 209812?
False
Is 12 a factor of 2790528?
True
Is 18 a factor of 31895?
False
Is 32 a factor of 120923?
False
Is 3302337 a multiple of 3?
True
Is 4200309 a multiple of 12?
False
Does 7 divide 43449?
True
Is 149310 a multiple of 210?
True
Is 31592 even?
True
Is 2 a factor of 18195?
False
Is 126 a factor of 183204?
True
Is 51300 a multiple of 300?
True
Is 2 a factor of 1740628?
True
Is 128 a factor of 440598?
False
Does 34 divide 16740902?
False
Does 5 divide 52079?
False
Is 4 a factor of 167977?
False
Is 93483 a multiple of 39?
True
Does 14 divide 654665?
False
Does 110 divide 2553606?
False
Does 48 divide 75833?
False
Does 472 divide 277536?
True
Is 49812 even?
True
Does 16 divide 289872?
True
Does 106 divide 107152?
False
Is 85594 a multiple of 183?
False
Is 15 a factor of 450?
True
Does 33 divide 5239?
False
Does 22 divide 30008?
True
Is 516709 a multiple of 26?
False
Is 259260 a multiple of 60?
True
Is 3 a factor of 16949?
False
Is 10 a factor of 42649?
False
Does 20 divide 4189261?
False
Is 403 a factor of 157374?
False
Does 50 divide 44000?
True
Is 10 a factor of 121036?
False
Does 5 divide 82460?
True
Does 134 divide 6981802?
True
Is 11752 a multiple of 78?
False
Is 70623 a multiple of 171?
True
Does 195 divide 80224?
False
Is 848476 a multiple of 184?
False
Is 816 a factor of 15595392?
True
Is 1756422 a multiple of 58?
False
Is 80401 a multiple of 40?
False
Is 247342 a multiple of 637?
False
Is 720 a factor of 6215258?
False
Does 38 divide 15946?
False
Is 29 a factor of 7388504?
True
Is 5353859 a multiple of 10?
False
Is 24700 a multiple of 130?
True
Is 25516 a multiple of 409?
False
Is 30350 a multiple of 25?
True
Is 36 a factor of 389447?
False
Does 31 divide 362762?
True
Is 29306 a multiple of 9?
False
Does 283 divide 741460?
True
Does 54 divide 1352592?
True
Is 40 a factor of 55665?
False
Is 1885400 a multiple of 55?
True
Does 732 divide 2301408?
True
Is 34 a factor of 74628?
False
Is 2701781 a multiple of 5?
False
Is 25 a factor of 364393?
False
Is 54 a factor of 141062?
False
Is 198 a factor of 1016064?
False
Does 20 divide 197847?
False
Is 7244964 a multiple of 242?
False
Is 594909 a multiple of 63?
True
Is 140032 a multiple of 8?
True
Does 14 divide 1050224?
True
Is 27 a factor of 314321?
False
Is 12821419 a multiple of 13?
True
Is 778 a factor of 1816630?
True
Is 1619244 a multiple of 623?
False
Is 167736 a multiple of 24?
True
Is 3 a factor of 2691?
True
Is 56 a factor of 574137?
False
Does 9 divide 500868?
True
Is 12 a factor of 191027?
False
Does 44 divide 37542?
False
Is 61965 a multiple of 405?
True
Is 217 a factor of 1812716?
False
Is 70 a factor of 215250?
True
Is 159685 a multiple of 293?
True
Is 223 a factor of 247753?
True
Is 32900 a multiple of 28?
True
Is 40194 a multiple of 174?
True
Does 46 divide 307734?
False
Is 15854 a multiple of 7?
False
Is 451 a factor of 3786596?
True
Is 24 a factor of 79195?
False
Does 69 divide 6786878?
False
Is 365168 a multiple of 10?
False
Is 3369536 a multiple of 326?
True
Is 513 a factor of 197505?
True
Is 13 a factor of 145769?
True
Is 41 a factor of 2572176?
True
Is 212080 a multiple of 22?
True
Does 5 divide 16118?
False
Is 327